2 + 0 - -3)) + 12
7
Evaluate 1 + -5 - (7 + (6 + 7 - -3)).
-27
Calculate -3 + 7 + (-6 - (0 + 0)).
-2
What is -4 - (-5 - (9 - 10) - (-9 + -1))?
-10
6 - (-1 + -7 + -7 + 30)
-9
What is the value of 43 + (-59 - -21 - -22)?
27
What is 11 + 1 + 0 - (-84 + 93)?
3
What is the value of -2 - (-2 + (-6 + 6 - (4 - 2)))?
2
51 + -27 + -18 - (14 - 1)
-7
What is -1 - (-1 + (-2 - 0) - (91 + -85))?
8
What is the value of 0 + -5 + 40 + -41?
-6
Calculate -3 - -3 - (2 - (27 + -3 + -9)).
13
Evaluate -1 + -31 + (22 + -7 - 3).
-20
3 + (-31 - (-50 + 38))
-16
Evaluate -1 + (-3 - -17) - 0.
13
Calculate 18 + (-13 - (-32 - -54)).
-17
What is the value of -267 + 273 - (-27 + -1 - 0)?
34
-6 - ((5 - 5) + 5 - (-3 + 1))
-13
What is 4 - (-1 - -2 - (24 - 14) - 4)?
17
Evaluate 548 + -538 - (-3 - -2).
11
What is (3 + -6 + 17 - (1 + 4)) + -4?
5
45 + -43 - (4 - -7)
-9
What is 3 + 0 + 3 + -29 + (11 - 3)?
-15
Evaluate 13 - (-11 - (-2 + 0 + -12)).
10
Evaluate 0 + 15 + (-5 - 2) + 0 - -7.
15
2 + 11 - (221 - 207)
-1
(0 - -16) + (-5 - (-5 + (1 - -2)))
13
(-57 - (-1 - 53)) + 0 + -22
-25
Calculate (25 - (28 + -7)) + 6.
10
Calculate -3 + 9 + -18 + (9 - -15).
12
Calculate -10 + 6 + 0 + -1 + (-27 - -17).
-15
11 + (0 - 0) - (25 + 7)
-21
What is -3 + 0 + 18 + -9 + (-1 - -6)?
11
4 + (3 - (0 - (-4 + 1)))
4
What is the value of (58 - 73) + 0 + 5?
-10
What is 3 + ((10 - 17) + -1 - -4)?
-1
Evaluate -29 + 32 + -49 + 23.
-23
What is -116 - -102 - (-6 - -3)?
-11
Evaluate 3 + 0 - (-30 - (-33 - 5)).
-5
What is the value of (-89 - -76) + (1 - (-1 + (-4 - -16)))?
-23
What is the value of 24 - (-9 - (-7 - (9 + -7 + -4)))?
28
Evaluate -3 - (-6 - (2 + (2 - -4) - 15)).
-4
What is the value of -24 + 20 + 11 + 2?
9
-28 + 3 - (121 - 144)
-2
-1 + 5 + -155 + 69 + 86
4
What is the value of -3 - (0 - 2 - -13) - (27 - 27)?
-14
What is -10 + (11 + -5 - -8) + -11?
-7
19 - 65 - (-42 + 21)
-25
What is (-4 - (-3 + -5)) + 7 + 1 + -5?
7
-17 - (1 - -21 - 32)
-7
What is -159 + 159 - (2 + -1)?
-1
(-1 - -1 - -3) + -18 + 26 + -8
3
Evaluate -21 + 17 - 19 - -23.
0
What is the value of (11 - (-34 - -32)) + -4?
9
Calculate (17 - (11 + -9)) + (0 - 10).
5
(23 - 13) + -57 + 16
-31
Evaluate (11 - 3) + (3 - (7 + -6)).
10
Evaluate -14 - (2 - (16 - 20)).
-20
Calculate -5 + -11 + 0 - (8 + -10).
-14
Evaluate (35 - 50 - (-2 + -2)) + -6.
-17
-1 + -30 + 61 + -1 + -46
-17
What is the value of -7 + 9 + -10 + (7 - 3)?
-4
(41 - (-16 + 38)) + -26
-7
Evaluate -11 + -2 + 10 + (63 - 56).
4
Calculate (48 - -10 - 31) + -9.
18
Evaluate -25 - (-6 + (20 + -5 - 11)).
-23
35 + (-8 + 1 - (-16 + 17)) - 4
23
What is 9 - (-1 + 3 + -1 - (0 - 3))?
5
What is (-11 + -3 - -30) + -7?
9
-23 + (-11 - 0 - -2) + 114 + -107
-25
-10 - -7 - (1 - (13 - 12))
-3
Calculate 0 - (12 + -33 + 10).
11
1 - -1 - (-5 - (-13 + 24) - -4)
14
What is the value of (-9 + 15 - -12) + -22?
-4
Evaluate (-25 - (-46 + 13)) + -6.
2
What is the value of 27 + -26 - (13 + -5)?
-7
Calculate -9 - (9 + -6 - 46 - -11).
23
(-44 - -55 - (-4 - 1)) + -2 + -1
13
(-12 - -14) + -14 - -22
10
Evaluate 2 + -3 + 21 + 8 + -10 + 4.
22
Calculate -1 - 17 - (-17 - -22).
-23
3 - (-4 - (-3 + 1 + -18) - 2)
-11
-1 - 0 - (-22 + 27 - -9)
-15
Evaluate -9 - -10 - (-3 + -5 + 40).
-31
Evaluate (-19 - (19 - 37)) + 18 + 1.
18
Evaluate -4 + (-3 - -8) + -7 + 2 - -6.
2
What is (8 + 8 - -8) + -11 + -9?
4
Calculate -3 + (-1 - (-5 - -6 - 3) - 0).
-2
Evaluate 7 + (5 + 0 - 10) + -18.
-16
What is the value of (-2 + 0 - -3) + 0 + (5 - -6)?
12
Evaluate -677 - -710 - (13 - 1).
21
Evaluate (5 - (3 - 16)) + -7.
11
Calculate -6 + (-16 - -20) + 14.
12
-2 + 11 + (-253 - -266)
22
What is the value of -6 - (13 - (14 - 7))?
-12
Evaluate 8 + -14 + (9 - (-8 + 11)).
0
Evaluate -17 + 15 - (-4 + -22 + (5 - -1)).
18
2 - ((18 - 12) + (-18 - -1) + 8)
5
Calculate 20 - 18 - 4 - -4.
2
What is the value of 14 + (12 - 17 - (-4 - 0) - 5)?
8
Evaluate (0 - 8) + -8 + 14 - 9.
-11
What is the value of (2 + 2 + 11 - (-112 + 110)) + 6?
23
Calculate -36 - (-41 + (19 - 1)).
-13
What is 4 + (-8 - (4 + -4)) - (-123 - -109)?
10
Calculate 29 - (-31 - -96) - -25.
-11
What is -7 + -4 + 2 + (-6 - -4 - -30)?
19
Calculate 21 - (-16 + 14) - (1 - -14).
8
What is the value of (13 - 3) + (-8 - (15 - 3))?
-10
Evaluate -15 - (-13 - -3) - 1.
-6
10 - (1 + -16 + 16)
9
What is 41 + -22 - (2 + 9)?
8
What is the value of (8 - -23) + 48 + -76?
3
What is the value of -15 + (-10 - -21) + 8 + -16?
-12
What is the value of -34 + 27 + 1 + 12 + 2?
8
What is the value of -34 + ((23 - 20) + (-1 - -1) - -2)?
-29
Evaluate -4 + 32 + 1 - 24.
5
What is the value of -73 + 22 + 22 + 15?
-14
Evaluate 9 - (-10 + 4 + 13).
2
Calculate (13 - 27) + -1 - -22.
7
Evaluate 10 + (7 - (7 + 1 + -5)).
14
What is the value of (6 - 2) + (-38 - -21)?
-13
What is -16 - -13 - (-8 - -3)?
2
What is the value of (1 - 4) + (9 - (-16 + 25)) - -11?
8
What is the value of 1 - (10 + (9 - 36))?
18
-6 - (1 + 0 - -1 - (322 + -302))
12
(26 - 20) + (-28 - (2 - 9))
-15
5 + -1 + (192 - 196) - 17
-17
What is 56 + -14 + (-57 - -13)?
-2
-21 - (15 - 20 - 38)
22
What is the value of (20 - -1) + -5 + 7 + -11?
12
-20 - ((8 - -8) + -34) - -11
9
Calculate 7 - (9 - 15) - 9.
4
What is the value of (-35 - -35) + -4 + (0 - -1)?
-3
Calculate (0 + 9 - (-2 + (6 - -4))) + 4.
5
Evaluate -1 - 5 - (-35 + -42 + 67) - 22.
-18
Calculate -10 - (-8 - 8 - -2).
4
1 - (-30 - (-2 + -16) - 0)
13
What is the value of (5 - 7 - -17) + -9 + 2 + 11?
19
Calculate -14 + 7 + (4 - -8) - (10 + -1).
-4
-9 - (0 + (-9 - -9))
-9
Calculate (-12 - -16) + -4 + -2 + -27.
-29
(76 - 86) + (2 + -6 - -7)
-7
Calculate -9 - (-11 + (-4 - -5) - 10).
11
What is 0 + 1 + -9 + 66 + (-54 - 2)?
2
Calculate (-1 - -2) + -10 + 48 + 2 + -11.
30
What is the value of -13 + -1 - (29 - 55)?
12
What is the value of 1 + 29 + 1037 + -1054?
13
Calculate 17 + -14 - (0 - -40).
-37
6 + 10 + -22 + 4
-2
(2 - (-2 - -1) - 5) + -3
-5
What is 2 - 8 - ((-7 - -12 - 7) + 21)?
-25
Evaluate (16 - 40 - -36) + 2.
14
Evaluate 2 + 1 + 1 + -1 + (-504 - -506).
5
Evaluate (-7 + 2 + 1 + 3 - -5) + -6.
-2
Calculate -11 + -8 - (12 + -23).
-8
Calculate -4 + 3 - (24 + (14 - 30)).
-9
What is the value of -6 - (4 + -1 + (-39 - -12) + 40)?
-22
What is -3 + 7 + (53 - 65)?
-8
What is (-9 - (-20 + -2)) + -7 + (0 - -2)?
8
Calculate -5 + (-44 - -16) + 29.
-4
What is the value of (-9 - (0 - (-3 + -4 + 11))) + 11?
6
What is 38 + -55 - (-7 - -1)?
-11
What is the value of 6 - (9 + -1 + -55 + 49)?
4
Calculate 15 + -2 + (4 - 12) + -30.
-25
Calculate (-31 - -11) + -2 + 12.
-10
Calculate -11 - (-38 + (4 + 0 - (185 - 193))).
15
(0 - -5) + (-13 - (16 - 35))
11
What is -3 + 18 - (-2 + 2 + 1)?
14
What is the value of (-419 - -403) + (-1 - 3)?
-20
What is 10 - (16 + -8 + 1)?
1
What is (-7 - (6 - 7)) + 5 + 12?
11
What is the value of 2 + 6 + (-7 - 9) + 17?
9
Calculate 11 + -17 + -2 + (-7 - 0) + -4.
-19
Evaluate 4 + 0 - -6 - (1 - 2).
11
Evaluate -2 + 8 - (1 + 1 + 3) - 1.
0
What is (-31 - (-23 + 3) - (-32 + -2)) + -8?
15
-32 + 12 - (4 + 3)
-27
What is the value of (-1 - -5 - -1) + (-26 - 2 - -1)?
-22
Calculate (-12 - (8 + 2 + -7)) + (-1 - -5).
-11
What is the value of -25 - (2 + -12 - 4)?
-11
What is the value of 4 - 13 - (83 + -98)?
6
Calculate 4 - 8 - 26 - (-152 + 138).
-16
What is 4 - 6 - -7 - (0 + 3 + 6)?
-4
Evaluate 1 + (3 - 4) + -4 + 3 - -4.
3
What is (17 - (0 + 0)) + -42 + 34?
9
1 + -1 - (-4 - 10)
14
What is (29 + -26 - (-4 + -7)) + -19?
-5
What is 14 - 1 - (11 - (8 - -15))?
25
Evaluate -10 + (-7 - 3) + 28 + -21.
-13
What is 47 + -53 + 6 + 0 - -3?
3
-9 - (-8 - (5 - 15))
-11
What is the value of 20 - 12 - -6 - 7?
7
Calculate -2 - (8 - 3) - (-6 + 2).
-3
What is the value of 1 + 10 + (-205 - -208)?
14
3 - ((-4 + 5 - 2) + 5 + -7)
6
What is the value of 3 + -9 + 23 + (8 - 19) + 5?
11
What is the value of -17 - (2 - 3) - (-44 - (-71 - -35))?
-8
Evaluate 32 + -1 + (-75 - -62) - 9.
9
What is (-22 - (26 + -27)) + 28?
7
Calculate -8 - (3 - (8 + (3 - 2)) - 5).
3
Calculate (27 - -5) + -200 + 199.
31
Calculate (-11 - (-46 - -23)) + 10.
22
What is -483 - -477 - (-19 + -1 + 2 + 0)?
12
15 - (4 + -2 + -4 - (4 - 14))
7
What is 34 - (-5 + 49) - (16 + 0)?
-26
Calculate -4 + 0 + 1 + -11.
-14
Calculate 4 - 8 - (-1 - (7 - 1)) - 5.
-2
Evaluate 7 - 3 - (1 - (-14 + 7)).
-4
What is the value of -16 + (-25 + 4 - -51)?
14
What is the value of 24 - (-1 + -46 + 42)?
29
140 + -130 - (3 - -13